2, 222127
What are the prime factors of 6925273?
17, 407369
What are the prime factors of 503354?
2, 251677
List the prime factors of 1684326.
2, 3, 7, 17, 337
List the prime factors of 918913.
918913
List the prime factors of 1830863.
1830863
List the prime factors of 2111485.
5, 17, 24841
What are the prime factors of 8346452?
2, 41, 50893
List the prime factors of 328895.
5, 7, 9397
What are the prime factors of 36656020?
2, 5, 23, 79687
What are the prime factors of 2648368?
2, 165523
List the prime factors of 4361342.
2, 313, 6967
What are the prime factors of 3531601?
3531601
List the prime factors of 269730.
2, 3, 5, 37
What are the prime factors of 1489535?
5, 297907
List the prime factors of 1000837.
397, 2521
List the prime factors of 7843923.
3, 73, 11939
List the prime factors of 327153.
3, 167, 653
What are the prime factors of 114529?
17, 6737
List the prime factors of 794529.
3, 17, 577
What are the prime factors of 4519646?
2, 2259823
List the prime factors of 1959921.
3, 59, 3691
What are the prime factors of 1534319?
163, 9413
What are the prime factors of 1139456?
2, 4451
What are the prime factors of 307934?
2, 11, 13997
List the prime factors of 1728204.
2, 3, 79, 1823
What are the prime factors of 4153727?
199, 20873
List the prime factors of 23917559.
23917559
List the prime factors of 337874.
2, 168937
What are the prime factors of 75051?
3, 31, 269
What are the prime factors of 11924673?
3, 311, 12781
What are the prime factors of 17003683?
37, 181, 2539
List the prime factors of 47172.
2, 3, 3931
What are the prime factors of 63807?
3, 21269
What are the prime factors of 3929243?
353, 11131
What are the prime factors of 1622681?
1622681
What are the prime factors of 96915?
3, 5, 7, 13, 71
What are the prime factors of 15588324?
2, 3, 569, 761
What are the prime factors of 38358916?
2, 2351, 4079
List the prime factors of 1244266.
2, 622133
What are the prime factors of 5323766?
2, 7, 380269
What are the prime factors of 137305?
5, 7, 3923
What are the prime factors of 74887?
74887
What are the prime factors of 472641?
3, 13, 12119
What are the prime factors of 425008?
2, 101, 263
List the prime factors of 361898.
2, 180949
What are the prime factors of 10264811?
29, 239, 1481
What are the prime factors of 7055140?
2, 5, 352757
List the prime factors of 27198465.
3, 5, 7, 259033
What are the prime factors of 1623097?
7, 231871
List the prime factors of 33151836.
2, 3, 17, 101, 1609
List the prime factors of 1202668.
2, 300667
List the prime factors of 27659.
17, 1627
What are the prime factors of 32084?
2, 13, 617
What are the prime factors of 1013577?
3, 337859
What are the prime factors of 126216?
2, 3, 1753
List the prime factors of 1960309.
13, 101, 1493
What are the prime factors of 1663511?
53, 31387
List the prime factors of 1471085.
5, 7, 11, 3821
List the prime factors of 441630.
2, 3, 5, 7, 701
List the prime factors of 33707.
37, 911
List the prime factors of 456714.
2, 3, 25373
List the prime factors of 205870.
2, 5, 7, 17, 173
List the prime factors of 7635375.
3, 5, 11, 617
What are the prime factors of 33511794?
2, 3, 17, 53, 6199
List the prime factors of 464579.
383, 1213
What are the prime factors of 12263882?
2, 53, 127, 911
What are the prime factors of 148912?
2, 41, 227
What are the prime factors of 1340985?
3, 5, 89399
List the prime factors of 1123862.
2, 561931
What are the prime factors of 1862283?
3, 151, 4111
What are the prime factors of 115?
5, 23
What are the prime factors of 109975?
5, 53, 83
List the prime factors of 313095.
3, 5, 20873
List the prime factors of 1986364.
2, 157, 3163
What are the prime factors of 34569179?
34569179
What are the prime factors of 36482305?
5, 227, 32143
List the prime factors of 232483.
83, 2801
List the prime factors of 2720439.
3, 19, 5303
List the prime factors of 4365299.
941, 4639
List the prime factors of 7751675.
5, 311, 997
What are the prime factors of 1723145?
5, 344629
What are the prime factors of 3929317?
7, 41, 13691
What are the prime factors of 6378245?
5, 23, 37, 1499
List the prime factors of 203025.
3, 5, 2707
What are the prime factors of 1277482?
2, 17, 37573
What are the prime factors of 16440044?
2, 31, 197, 673
What are the prime factors of 35422697?
35422697
What are the prime factors of 125599?
29, 61, 71
List the prime factors of 171488.
2, 23, 233
What are the prime factors of 315506?
2, 73, 2161
List the prime factors of 2160526.
2, 1080263
List the prime factors of 25962090.
2, 3, 5, 7, 11, 11239
What are the prime factors of 1866061?
1279, 1459
What are the prime factors of 31290?
2, 3, 5, 7, 149
List the prime factors of 16305469.
3613, 4513
What are the prime factors of 42878?
2, 11, 1949
List the prime factors of 481118.
2, 11, 19, 1151
What are the prime factors of 3532053?
3, 7, 168193
What are the prime factors of 2606956?
2, 11, 179, 331
List the prime factors of 157366.
2, 11, 23, 311
List the prime factors of 335291.
11, 17, 163
List the prime factors of 81878.
2, 40939
List the prime factors of 670709.
13, 51593
What are the prime factors of 4779846?
2, 3, 265547
What are the prime factors of 363401?
363401
List the prime factors of 4493357.
11, 31, 13177
List the prime factors of 177.
3, 59
What are the prime factors of 632340?
2, 3, 5, 1171
List the prime factors of 1369449.
3, 59, 2579
List the prime factors of 283450.
2, 5, 5669
List the prime factors of 2594768.
2, 11, 23, 641
What are the prime factors of 221346?
2, 3, 4099
List the prime factors of 2120914.
2, 37, 28661
What are the prime factors of 18105824?
2, 11, 51437
List the prime factors of 4718496.
2, 3, 23, 2137
What are the prime factors of 9030971?
9030971
List the prime factors of 374746.
2, 187373
List the prime factors of 1384045.
5, 13, 107, 199
List the prime factors of 4345044.
2, 3, 11, 32917
List the prime factors of 4484036.
2, 619, 1811
List the prime factors of 2627510.
2, 5, 19, 13829
What are the prime factors of 436416?
2, 3, 2273
What are the prime factors of 308734?
2, 29, 5323
List the prime factors of 9508313.
1283, 7411
List the prime factors of 6168973.
37, 137, 1217
What are the prime factors of 3637564?
2, 7, 67, 277
List the prime factors of 3978369.
3, 147347
List the prime factors of 11867599.
113, 105023
What are the prime factors of 3750656?
2, 7, 13, 23
What are the prime factors of 727403?
97, 7499
What are the prime factors of 5990945?
5, 1198189
List the prime factors of 5736832.
2, 44819
What are the prime factors of 22047197?
22047197
List the prime factors of 1898423.
19, 41, 2437
What are the prime factors of 174257?
174257
List the prime factors of 2418429.
3, 13, 62011
What are the prime factors of 7520383?
13, 31, 18661
List the prime factors of 92239.
7, 13177
What are the prime factors of 4585350?
2, 3, 5, 7, 11, 397
List the prime factors of 4120396.
2, 7, 31, 47, 101
List the prime factors of 4104428.
2, 29, 41, 863
What are the prime factors of 336749?
7, 73, 659
What are the prime factors of 178206?
2, 3, 7, 4243
List the prime factors of 5776568.
2, 7, 29, 3557
List the prime factors of 24909608.
2, 19, 29, 5651
What are the prime factors of 8997831?
3, 333253
What are the prime factors of 8945744?
2, 181, 3089
List the prime factors of 5691109.
5691109
List the prime factors of 27723551.
883, 31397
List the prime factors of 17110866.
2, 3, 61, 46751
What are the prime factors of 1158377?
11, 31, 43, 79
What are the prime factors of 24140415?
3, 5, 13, 43, 2879
List the prime factors of 82264.
2, 7, 13, 113
List the prime factors of 774700.
2, 5, 61, 127
What are the prime factors of 4907351?
29, 169219
What are the prime factors of 3495455?
5, 17, 41, 59
What are the prime factors of 6279724?
2, 11, 41, 59
What are the prime factors of 6562213?
7, 937459
What are the prime factors of 700793?
487, 1439
List the prime factors of 5803871.
53, 109507
What are the prime factors of 222375?
3, 5, 593
List the prime factors of 201667.
201667
What are the prime factors of 5519890?
2, 5, 61, 9049
What are the prime factors of 465943?
29, 16067
List the prime factors of 128546.
2, 11, 5843
List the prime factors of 96089.
7, 37, 53
What are the prime factors of 483008?
2, 7547
What are the prime factors of 5